 - z. What is the units digit of a?
2
Let l(b) = 7*b + 1. Let s be l(2). Suppose -m + 7 - 2 = o, 5*o = -3*m + s. Suppose r - 5*r + 20 = o. What is the units digit of r?
5
Suppose 2*a = -5*b + 4*a + 699, b + 5*a = 156. What is the units digit of b?
1
Let j(d) = 9*d + 2. Let y(p) = -p**3 - 13*p**2 - 14*p - 15. Let c be y(-12). What is the tens digit of j(c)?
8
Suppose -g = 2*d + 21, -2*d - 3*g = 10 + 1. Let x = -13 - d. Suppose -o + 6 = -x. What is the units digit of o?
6
Let x = 70 - 84. What is the tens digit of (2 - (-4503)/21) + 6/x?
1
Suppose 2244 = 2*r + 2*w - 1586, -2*w = -5*r + 9568. What is the tens digit of r?
1
Suppose -10*d + 844 = -6*d - 2*m, -2*d + 3*m + 422 = 0. What is the units digit of d?
1
Let w be 1/((-1)/(-61)) + (3 - 5). Let i = w - 18. What is the units digit of i?
1
Let a = -14 + 4. Let d(w) = -4*w - 12. Let k be d(a). Let x = k + -20. What is the units digit of x?
8
Let w be (-36)/45 - (-1448)/10. What is the units digit of (-35)/5*w/(-14)?
2
Suppose 3107 = 8*z - 3269. Suppose -5*a + 0*g + z = 2*g, -2*g = -3*a + 491. What is the units digit of a?
1
Let s = 2 + -1. Let o(z) = -3*z**3 + 2*z**2 + 6*z + 8. Let d(u) = u**3 - u**2 - u - 1. Let w(n) = s*o(n) + 5*d(n). What is the units digit of w(3)?
3
Let v(t) = 1465*t**3 - 2*t**2 + 4*t. What is the thousands digit of v(1)?
1
Let f = -13 - -26. Suppose -54 = -f*i + 10*i. Let r = 13 + i. What is the tens digit of r?
3
Let k be 42 - 1 - (-7)/7. Let l = 59 - k. Suppose -2*s + 56 = -2*r, s + 1 - l = -3*r. What is the tens digit of s?
2
Suppose -4*q - 4 + 20 = 0. Suppose 2*u = 3*x - 2, q*x - 1 = -2*u + 5*u. Suppose -3*g - w - x*w + 89 = 0, 0 = -2*g - 5*w + 56. What is the tens digit of g?
3
Suppose -l + 243 = -12. What is the tens digit of l?
5
Let p be (10 - 28)/((-3)/22). Suppose 0 = 4*v + 4*x - p, -62 = -3*v + v - 3*x. What is the units digit of v?
7
Suppose -11*z - 47 = 481. Let y = z - -122. What is the tens digit of y?
7
Let b(f) = -6*f**3 - 2*f**2 + 13*f + 2. Let j be b(-6). What is the hundreds digit of j/10 - (-36)/(-45)?
1
Let c = -21 + 24. Suppose x - 3*x + 164 = c*y, -y - x + 55 = 0. What is the tens digit of y?
5
Let j(p) = p + 2. Let a be j(1). Suppose -3*b - i + 2 = -35, -3*b = a*i - 27. What is the units digit of b?
4
Suppose -4431 = -2*r + 3*s, -28*r = -24*r - 5*s - 8857. What is the units digit of r?
8
Suppose -2*t + 15 = t. Suppose -3*s + 7*s - t*x + 192 = 0, -s = -4*x + 59. Let g = -31 - s. What is the units digit of g?
2
Let g = -225 - -37. Let o = g - -286. What is the tens digit of o?
9
Suppose 3*y + 0*y - 410 = -4*n, 0 = -3*y - n + 404. Suppose -2 - y = -4*t. What is the units digit of t?
4
Let h(f) be the third derivative of f**6/120 - 11*f**5/60 + f**4/8 - 7*f**3/6 - 2*f**2. What is the units digit of h(11)?
6
Let i be 3/(-15) - 19*(-1)/(-5). What is the units digit of (3 - 428/(-8)) + 6/i?
5
Suppose -4*k - 3*f = -401 - 1253, 4*k - 1658 = -5*f. What is the units digit of k?
2
Let w(h) = -835*h**3 - 3*h**2 + 1. What is the tens digit of w(-1)?
3
Suppose 0 = -h - 0*h - 5*q + 121, 3*h - 5*q - 383 = 0. Suppose -2*g = 5*f - 229, -2*g + 4*f + 58 + h = 0. What is the hundreds digit of g?
1
Let t(x) = 18*x + 73. What is the hundreds digit of t(28)?
5
Suppose 3*m - 2*h - 1049 = 0, -m - h - 127 + 485 = 0. What is the tens digit of m?
5
Let i(g) be the second derivative of g**4/3 - g**3/3 - 3*g**2/2 + 14*g. Suppose -2*a = 1 - 7. What is the units digit of i(a)?
7
Let b(u) = u**2 - 12*u + 1. Let m be b(13). What is the units digit of 101/11 - m/77?
9
Let u = -432 - -1762. What is the tens digit of u/15 - 4/6?
8
Let w(y) be the third derivative of 0 + 11/6*y**3 + 0*y - 4*y**2 - 1/12*y**4. What is the tens digit of w(-10)?
3
Suppose -9*v = -1570 - 3425. What is the hundreds digit of v?
5
Let h = 213 + 2548. What is the tens digit of h?
6
Suppose 4*j - 2309 = -553. What is the tens digit of j?
3
Let q be 1*(12/4 - -4). Let r(w) = 2*w - 2 + 6 + 0 + 2. What is the tens digit of r(q)?
2
Let c(m) = m + 2. Let d = -37 - -45. What is the units digit of c(d)?
0
Let a(v) = -v**3 + 8*v**2 - 4*v - 10. Let m(n) = -2*n**2 - 2*n. Let c be m(-2). Let k be 20/2 + c + 1. What is the units digit of a(k)?
1
Let w be 0/((-1*4)/(-4)). Suppose -2*y - y + 6 = w. Suppose -s - 5*c + 18 = -10, -10 = -y*c. What is the units digit of s?
3
Suppose -2*d - 3*z + 4782 = d, 0 = 3*d - 3*z - 4794. What is the thousands digit of d?
1
Suppose 4*r = 8*r - r. Suppose -2*v = -r*v - 2, s = 4*v + 18. What is the tens digit of s?
2
Let c(y) = -y**2 - 2*y + 1. Suppose -5*m = 4*j - 7, 0*j - 4*j - 23 = -5*m. Let r be c(m). Let n = r + 27. What is the tens digit of n?
1
Let v(y) = 32*y + 4. Let i(s) = -11*s - 1. Let p(q) = -20*i(q) - 6*v(q). What is the tens digit of p(3)?
8
Suppose -3*h = 2*j - 21, -2*j + 3*h - 14 = -h. What is the tens digit of (3 - 0) + (43 - 2 - j)?
4
Let q = -1284 + 2086. What is the tens digit of q?
0
Let v(o) = 2*o**3 - 13*o**2 - 17 - 32*o - 3*o**3 + 41*o. What is the units digit of v(-14)?
3
Let v = -1230 - -2078. What is the hundreds digit of v?
8
Suppose -5*p = -i - 3*i + 331, -3*i - p = -272. What is the units digit of i?
9
Let m = 11 + 5. Let t = -11 - m. Let x = -13 - t. What is the units digit of x?
4
Let i(m) = 5*m**3 + 17*m**2 - 5*m + 1. Let f(w) = w**3 + 4*w**2 - w. Let d(n) = -18*f(n) + 4*i(n). What is the units digit of d(4)?
0
Suppose 0 = 5*v - 3*r - 7994, v - 82 = -2*r + 1522. What is the units digit of v?
0
Let p(f) = f**3 + f**2 + 4. Let m be p(0). Let i be 1/(-5) + 78/(-10) - -5. What is the units digit of -3 + m - 6*i?
9
Let j(f) = 2*f**2 + 8*f + 6. Let y be j(-12). Let l = y - 114. Suppose -12*z + l = -9*z. What is the tens digit of z?
2
Let q(b) be the first derivative of 11*b**2/2 + 10*b - 19. What is the hundreds digit of q(21)?
2
Let y(u) = 17*u - 190. What is the hundreds digit of y(31)?
3
Let n(t) = -t**3 + 13*t**2 - 12*t + 2. Suppose -4*o - c + 43 = 0, -1 = -o - 3*c - 4. What is the units digit of n(o)?
2
Let x(k) be the third derivative of k**6/120 + k**5/60 + 43*k**3/3 - 2*k**2. What is the tens digit of x(0)?
8
Let x be 1166/33 + 1/(-3). Suppose -2*w + r + x = -172, 0 = -r - 5. What is the units digit of w?
1
Let l be 162/10*(6 - -9). Suppose 244 = 4*u - 5*p + 76, l = 5*u + 2*p. What is the units digit of u?
7
Let i(l) = 4*l**3 + 4*l**2 - 2*l - 1. Let n be i(1). Suppose -139 = -q - 5*f, 0 = n*q + f + 85 - 708. What is the tens digit of q?
2
Suppose 4*p = -t + 19, -p + 2 - 7 = -3*t. Suppose 273 = -5*x + p*i + 1298, x + 3*i = 224. What is the tens digit of x?
0
Suppose 405 = -4*b - m + 7159, -1680 = -b + 4*m. What is the thousands digit of b?
1
Suppose -2 = 3*g - 2*f + 4*f, 0 = -4*f + 20. Let n(a) = -3*a**3 - 2*a**2 + 16*a. What is the tens digit of n(g)?
9
Suppose -16*z - 18920 = -27*z. What is the units digit of z?
0
Let x be ((-66)/(-12) - 4)*(-4)/1. What is the tens digit of (-192)/x + 1*-2*1?
3
Let z = -297 - -309. Suppose -4*u + 2*u - 10 = 0, 2*b + u + 11 = 0. Let w = z + b. What is the units digit of w?
9
Suppose -p + 1 + 7 = 0. Let n(d) = 5*d - 13 - 1 + 3. What is the tens digit of n(p)?
2
Let k = 32 + -29. Suppose -5*m + 29 = 3*f - 97, 0 = 2*m + k*f - 45. What is the tens digit of m?
2
Let i(m) = 2*m**2 - 10*m + 12. Let u(d) = -d - 2. Let g be u(-11). What is the tens digit of i(g)?
8
Let q(z) = -16*z + 7*z + 9 + 8*z. Suppose -2*i + 5*i = 24. What is the units digit of q(i)?
1
Let v(p) = 3*p**3 - 121*p**2 + 56*p - 9. What is the units digit of v(40)?
1
Let h be -1*0/(-1 - -5). Suppose h*i - 50 = -i. Suppose 125 = 5*b - i. What is the units digit of b?
5
What is the units digit of (-2 - -4) + (2223 - -1)/4?
8
Let l(m) = 3*m**2 - 27*m - 189. What is the tens digit of l(-11)?
7
Let s(u) = -u**2 - 38*u - 53. Let l be -17 + ((-3)/(-5))/(3/15). What is the tens digit of s(l)?
8
What is the tens digit of (0 + -3753)*(10 + 384/(-36))?
0
Suppose -3*b - 187816 = -71*b. What is the units digit of b?
2
Let r(b) = b + 4. Let y be r(-4). Let u(z) be the third derivative of -z**5/60 + z**4/24 + z**3/6 - 7*z**2. What is the units digit of u(y)?
1
Let s be -12*2*7/(-8). Let l = s - -54. What is the tens digit of l?
7
Suppose -2*w - k - 19 = 12, 4*k - 2 = w. Let o be (-4)/w - 6/21. Suppose -2*y = -o*y - 36. What is the tens digit of y?
1
Suppose -38*j + 37564 = -35738. 